{"id":319,"date":"2019-02-13T22:06:03","date_gmt":"2019-02-13T21:06:03","guid":{"rendered":"https:\/\/www.proone.it\/site\/?page_id=319"},"modified":"2019-02-13T22:17:32","modified_gmt":"2019-02-13T21:17:32","slug":"aggiornamento-proone","status":"publish","type":"page","link":"https:\/\/www.proone.it\/site\/?page_id=319","title":{"rendered":"Aggiornamento ProOne"},"content":{"rendered":"\n<p>ProOne \u00e8 un sistema in continua evoluzione. La versione web \u00e8 automaticamente aggiornata e non \u00e8 necessaria alcuna operazione da parte dell&#8217;utente.<\/p>\n\n\n\n<p>La versione client\/server, viceversa, pu\u00f2 essere aggiornata scaricando l&#8217;aggiornamento da <a href=\"https:\/\/www.softwarepartner.it\/riservato\/download\/updates\/proone.zip\">qui<\/a>.<\/p>\n\n\n\n<p>Le istruzioni per scaricare ed applicare l&#8217;aggiornamento sono pubblicate in questa pagina della <a href=\"https:\/\/wiki.proone.it\/?p=113\">wiki<\/a>.<\/p>\n","protected":false},"excerpt":{"rendered":"<p>ProOne \u00e8 un sistema in continua evoluzione. La versione web \u00e8 automaticamente aggiornata e non \u00e8 necessaria alcuna operazione da parte dell&#8217;utente. La versione client\/server, viceversa, pu\u00f2 essere aggiornata scaricando l&#8217;aggiornamento da qui. Le istruzioni per scaricare ed applicare l&#8217;aggiornamento sono pubblicate in questa pagina della wiki.<\/p>\n","protected":false},"author":1,"featured_media":0,"parent":286,"menu_order":1,"comment_status":"closed","ping_status":"closed","template":"","meta":[],"_links":{"self":[{"href":"https:\/\/www.proone.it\/site\/index.php?rest_route=\/wp\/v2\/pages\/319"}],"collection":[{"href":"https:\/\/www.proone.it\/site\/index.php?rest_route=\/wp\/v2\/pages"}],"about":[{"href":"https:\/\/www.proone.it\/site\/index.php?rest_route=\/wp\/v2\/types\/page"}],"author":[{"embeddable":true,"href":"https:\/\/www.proone.it\/site\/index.php?rest_route=\/wp\/v2\/users\/1"}],"replies":[{"embeddable":true,"href":"https:\/\/www.proone.it\/site\/index.php?rest_route=%2Fwp%2Fv2%2Fcomments&post=319"}],"version-history":[{"count":1,"href":"https:\/\/www.proone.it\/site\/index.php?rest_route=\/wp\/v2\/pages\/319\/revisions"}],"predecessor-version":[{"id":320,"href":"https:\/\/www.proone.it\/site\/index.php?rest_route=\/wp\/v2\/pages\/319\/revisions\/320"}],"up":[{"embeddable":true,"href":"https:\/\/www.proone.it\/site\/index.php?rest_route=\/wp\/v2\/pages\/286"}],"wp:attachment":[{"href":"https:\/\/www.proone.it\/site\/index.php?rest_route=%2Fwp%2Fv2%2Fmedia&parent=319"}],"curies":[{"name":"wp","href":"https:\/\/api.w.org\/{rel}","templated":true}]}}